b - 3. Let s(y) = 4*y**2 + 11*y + 6. Let z(h) = 5*r(h) + 3*s(h). Let n be z(-5). Suppose 2*u = 9 + n. What are the prime factors of u?
11
Suppose d = -0*d - 5*z - 24, 0 = -5*d + 3*z - 36. Suppose -24 = 2*s + 4*l + 26, -1 = s - 4*l. Let o = d - s. List the prime factors of o.
2
Let l = -293 - -449. List the prime factors of l.
2, 3, 13
Let j = -80 + 132. List the prime factors of j.
2, 13
Suppose 0 = 2*z - l - 62 - 9, -5*l - 13 = -z. Suppose -4*s + 4*q = -32, -3*s + z + 6 = 2*q. List the prime factors of s.
2, 3
Let s = -3 + 7. Let i(l) be the first derivative of l**2/2 + 3*l + 2. What are the prime factors of i(s)?
7
Let u(y) = -y + 4*y - 9*y + 4*y - 5. Let w(g) = -2*g**2 - 3*g - 2. Let t be w(-2). List the prime factors of u(t).
3
What are the prime factors of (54/(-63))/(2/(-224))?
2, 3
Suppose 48 = a - d - d, 4*a = 4*d + 176. What are the prime factors of a?
2, 5
Let k(w) = 7*w + 2. Let y be k(2). Let j = 98 - 107. Let u = y + j. What are the prime factors of u?
7
Let o = -5 - -5. Suppose 0*d + 3*d - 24 = o. What are the prime factors of d?
2
Let q(t) = t + 12. Let k = -13 - -8. Let g be q(k). Let o(x) = -x**3 + 8*x**2 - 5*x - 2. List the prime factors of o(g).
2, 3
Let j = 0 - -10. Suppose w + 3*v + j = 0, -w + 7 + 15 = -5*v. List the prime factors of w.
2
Suppose 0 = -5*r - 2*y + 71, y - 6*y + 35 = 3*r. Suppose 5*u = 2*u + r. Suppose -4*t + 5 = -5*o, -u*o = 3*t - o - 27. What are the prime factors of t?
5
Suppose 4*l + 9 = -15. Let w(x) = -x**2 - 7*x + 7. List the prime factors of w(l).
13
Let x(c) be the third derivative of c**5/30 - c**3/6 - 6*c**2. Let r = -6 - -4. What are the prime factors of x(r)?
7
Suppose -2*g = 3*g - 180. List the prime factors of g.
2, 3
Let t(l) = 3*l + 308. What are the prime factors of t(0)?
2, 7, 11
Let m(w) = -w**2 + 17*w - 8. What are the prime factors of m(7)?
2, 31
Let r(f) = 4*f**2 + 1. Let h be r(1). Suppose 3*p + h*n = -1 + 16, 0 = -3*p + 4*n - 12. Suppose p = -u - 4*u + 25. What are the prime factors of u?
5
Let j(y) = -10*y - 1. Suppose 0 = -3*c + 3 - 6. List the prime factors of j(c).
3
Suppose -3*n + 34 = -n. List the prime factors of n.
17
Let v = -21 - -40. Suppose -d = -3*f - 11, 2*f - v = -2*d + 5*f. List the prime factors of d.
2
Suppose -92 = -4*b + d - 8, -4*d + 42 = 2*b. List the prime factors of b.
3, 7
Let u be -7 - -1*1/1. Let h be (-93)/u - 1/(-2). Let y = h - 11. What are the prime factors of y?
5
Let b = -9 + 11. Suppose 0 = -b*i + 17 + 1. List the prime factors of i.
3
Let c(x) = 2*x - 12. Let h be c(11). Let m(k) = -k**3 + 11*k**2 - 9*k - 2. List the prime factors of m(h).
2
Suppose -5*t = 0, q + 0*q = -2*t + 53. List the prime factors of q.
53
Suppose 0 = c + 4*c - 2*w - 108, w - 45 = -2*c. What are the prime factors of c?
2, 11
Suppose -5*y - 4*k = -0*k - 202, -4*y + 3*k + 174 = 0. Suppose 0 = -0*z + 2*z - y. What are the prime factors of z?
3, 7
Let y be (0 + 3)*(-60)/(-9). Suppose -4*n + 0*g = 5*g + y, -2*g - 8 = 2*n. Suppose n*x = -x + 9. What are the prime factors of x?
3
Suppose 3*v - 397 = 263. List the prime factors of v.
2, 5, 11
Let j(v) = -v**3 + v**2 + v + 8. Let c(p) = p**2 + p. Let h(w) = 4*c(w) + j(w). List the prime factors of h(6).
2
What are the prime factors of (-2 - (-824)/28)*7?
2, 3
Suppose -5*j + 2*z = 5*z + 38, 0 = -2*j + 3*z - 32. Let n = -5 - j. Suppose -n*o - 3*c + 34 = 0, 0*o - 3*o = -c - 26. What are the prime factors of o?
2
Let v = 0 + -1. Let i be (-2)/2 - 1/v. Suppose i = 2*b + 10, 7*x = 4*x - 5*b - 7. What are the prime factors of x?
2, 3
Let a(k) = -k**2 + k + 2. Let o be a(0). Suppose 0 = 2*w + 3*b - 6, -o*b + 6 = 2*w - 7*b. List the prime factors of w/((-9)/(-3))*7.
7
Let l = -2 - 9. Let p = 27 + l. List the prime factors of p.
2
Let u = 278 - 128. What are the prime factors of u?
2, 3, 5
List the prime factors of 4*-1 + 3 + 15.
2, 7
Suppose 2*b - 30 = 44. What are the prime factors of b?
37
Let m be (126/(-12))/(6/(-8)). Let j = -1 + m. What are the prime factors of j?
13
Suppose 0*l - 2*w = -2*l + 74, 41 = l - 2*w. List the prime factors of l.
3, 11
Suppose 3*t + k - 282 = -3*k, -k + 93 = t. Let w = t + -55. Suppose i + 19 = -b + 3*b, -i = 4*b - w. List the prime factors of b.
3
Let k(b) = 19*b**2 + 3*b + 1. List the prime factors of k(-4).
293
Let j = 191 - 125. List the prime factors of j.
2, 3, 11
Let c = -9 - 4. Suppose -5*o - 4*j = 23 + 32, j + 40 = -5*o. Let i = o - c. List the prime factors of i.
2, 3
Let j(s) be the third derivative of -s**6/120 - s**5/12 - s**4/4 - s**3 + s**2. Let i be j(-4). What are the prime factors of 6/2 - (-1 + i)?
2
Let t be 1/(15/6)*5. Suppose t*f + 1 = -11. Let m(v) = -v + 2. List the prime factors of m(f).
2
Let u be (4/(-6))/((-6)/828). Let f = u - 48. What are the prime factors of f?
2, 11
Let f(o) be the second derivative of -o**7/2520 - o**6/120 + o**4/4 + 3*o. Let g(z) be the third derivative of f(z). List the prime factors of g(-5).
5
Suppose -16 = -o - 5. List the prime factors of o.
11
Let l = 5 - 3. Suppose 4*j + 12 = 5*j + u, 36 = 3*j - l*u. List the prime factors of j.
2, 3
Suppose 0*j = 2*f - j + 268, j = -5*f - 684. Let k = f - -204. Suppose 2*q + 2*i = q + 20, 0 = 4*q + 5*i - k. List the prime factors of q.
2, 3
Suppose -5*w - 11*n + 6*n + 30 = 0, 0 = -2*w + 4*n. List the prime factors of w.
2
Suppose -2*q + 84 = -0*q. List the prime factors of q.
2, 3, 7
List the prime factors of 0/(1/(-1)) - -135.
3, 5
Let h(v) = -6*v**3 + v**2 + 1. Let q be h(3). Let n = -79 - q. Suppose -2*y + 2*b = -34, 2*y = -2*y + 3*b + n. What are the prime factors of y?
2, 11
Suppose 14 - 62 = -6*r. What are the prime factors of r?
2
Let k be -1 + 3 + -4 + 2. Suppose w + 3*l - 16 = -k*l, 5*w - 50 = -5*l. What are the prime factors of w?
7
Suppose -15 + 40 = 5*u. List the prime factors of u.
5
Suppose -11 = w + 4*g, 3*w + 5 = 5*w - g. What are the prime factors of 1/(2/10)*w?
5
Let h be (-2)/(-3) - (-48)/9. Suppose -2*a + 37 = -3*s, -h*s + 19 = 4*a - s. Suppose -3*j + 10 + a = 0. What are the prime factors of j?
7
Let c = -3 - -73. What are the prime factors of c?
2, 5, 7
Let w be (-9)/(-3) - (0 + 1). Suppose -2*g + 22 = w*h, 3*h + 4*g - 47 + 15 = 0. What are the prime factors of h?
2, 3
What are the prime factors of 4/(-10) - 1904/(-10)?
2, 5, 19
Suppose 18 = -3*b - 4*n + 48, -4*n - 12 = -4*b. Let r(o) = -o**3 + 6*o**2 + 2*o - 1. List the prime factors of r(b).
11
Let w(o) = o**3 + 4*o**2 + 3*o - 5. Let n(q) = q**3 + 4*q**2 + 2*q - 4. Let d(c) = 4*n(c) - 3*w(c). What are the prime factors of d(-3)?
11
Suppose 8*p - 5*p = 75. What are the prime factors of p?
5
Let j = -74 - -120. Suppose -8 + j = 2*g. List the prime factors of g.
19
List the prime factors of -4 + (-3 - -52 - 2).
43
Let v(j) = -j**2 - 5*j + 3. Let w be v(-5). What are the prime factors of (-1)/((-3)/(225/w))?
5
Suppose -r = 30 - 100. Suppose -4*g + r = g. List the prime factors of g.
2, 7
Suppose 0 + 26 = -2*z. Let q = 16 + z. List the prime factors of q.
3
Let v(a) = -a**3 - 9*a**2 - 11*a - 6. Let p be v(-7). Let h = -13 - p. What are the prime factors of h?
2, 7
Suppose -4*k + 3*k + 4 = 0. Suppose 0 = -k*f + 14 + 22. List the prime factors of (-4 - -6) + f/1.
11
Let u be (1 + -2 - 0)*-2. Let c be (-4)/(-8) - (-4)/(-8). Suppose c*t + 20 = u*t. List the prime factors of t.
2, 5
Let l be 5/(5/(-14)) + -1. Let i = l - -33. What are the prime factors of i?
2, 3
Let a be (-2)/(-9) + (-104)/(-18). What are the prime factors of (28/6)/(2/a)?
2, 7
Let t = 75 - 29. Let f = t - 19. List the prime factors of f.
3
Suppose -3*q - 21 = -a, -4*q - 4 = -a + 16. Let o = -15 + a. List the prime factors of o.
3
Let c(l) = -2*l**3 - 3*l**2 - 2*l - 1. Let t = -1 + 1. Suppose -5*p = -2*w + 14, t*p = -3*p + 5*w - 16. List the prime factors of c(p).
7
Let k be ((-2)/(-6))/(2/102). Let i(z) = z**3 + 13*z**2 - 7. Let o be i(-13). Let d = k + o. What are the prime factors of d?
2, 5
Suppose 325 = 2*v - 2*z - 133, 4*z + 20 = 0. What are the prime factors of v?
2, 7
Suppose -3*a - 3*k + 42 = -a, -5*a - 4*k + 91 = 0. Let d = 10 + a. What are the prime factors of d?
5
Let q = -42 - -68. What are the prime factors of q?
2, 13
Let r(n) = 4*n - 2. Let c be r(1). List the prime factors of c + 76/4 + 3.
2, 3
Suppose 73 = 2*r - 29. Suppose a = -16 + r. Let g = a - 24. List the prime